 are the prime factors of 1383?
3, 461
List the prime factors of 13331.
13331
List the prime factors of 2152.
2, 269
List the prime factors of 50577.
3, 23, 733
What are the prime factors of 3690?
2, 3, 5, 41
What are the prime factors of 21623?
7, 3089
What are the prime factors of 853?
853
List the prime factors of 2346.
2, 3, 17, 23
List the prime factors of 147.
3, 7
What are the prime factors of 1005?
3, 5, 67
List the prime factors of 14968.
2, 1871
What are the prime factors of 6798?
2, 3, 11, 103
What are the prime factors of 41791?
23, 79
List the prime factors of 112.
2, 7
List the prime factors of 2823.
3, 941
List the prime factors of 13491.
3, 1499
List the prime factors of 437.
19, 23
What are the prime factors of 2882?
2, 11, 131
What are the prime factors of 3921?
3, 1307
What are the prime factors of 56254?
2, 11, 2557
List the prime factors of 10784.
2, 337
What are the prime factors of 4400?
2, 5, 11
List the prime factors of 2948.
2, 11, 67
What are the prime factors of 26786?
2, 59, 227
What are the prime factors of 1377?
3, 17
List the prime factors of 8819.
8819
List the prime factors of 7544.
2, 23, 41
What are the prime factors of 2630?
2, 5, 263
List the prime factors of 1074.
2, 3, 179
List the prime factors of 3820.
2, 5, 191
What are the prime factors of 5576?
2, 17, 41
What are the prime factors of 52018?
2, 31, 839
List the prime factors of 2542.
2, 31, 41
What are the prime factors of 154?
2, 7, 11
List the prime factors of 795.
3, 5, 53
What are the prime factors of 337?
337
List the prime factors of 7936.
2, 31
What are the prime factors of 23?
23
List the prime factors of 115931.
115931
List the prime factors of 3743.
19, 197
What are the prime factors of 3473?
23, 151
What are the prime factors of 190?
2, 5, 19
List the prime factors of 364.
2, 7, 13
What are the prime factors of 340?
2, 5, 17
What are the prime factors of 4094?
2, 23, 89
What are the prime factors of 6487?
13, 499
List the prime factors of 4030.
2, 5, 13, 31
List the prime factors of 38210.
2, 5, 3821
List the prime factors of 12422.
2, 6211
What are the prime factors of 474?
2, 3, 79
List the prime factors of 9005.
5, 1801
List the prime factors of 1192.
2, 149
List the prime factors of 549.
3, 61
List the prime factors of 25443.
3, 11, 257
List the prime factors of 5250.
2, 3, 5, 7
List the prime factors of 26244.
2, 3
What are the prime factors of 18569?
31, 599
List the prime factors of 4178.
2, 2089
List the prime factors of 312.
2, 3, 13
List the prime factors of 26193.
3, 8731
What are the prime factors of 146760?
2, 3, 5, 1223
List the prime factors of 3541.
3541
List the prime factors of 8249.
73, 113
List the prime factors of 73463.
13, 5651
List the prime factors of 14278.
2, 11, 59
What are the prime factors of 10346?
2, 7, 739
What are the prime factors of 1953?
3, 7, 31
List the prime factors of 59332.
2, 7, 13, 163
What are the prime factors of 841?
29
What are the prime factors of 1419?
3, 11, 43
What are the prime factors of 1036?
2, 7, 37
What are the prime factors of 93302?
2, 11, 4241
What are the prime factors of 3498?
2, 3, 11, 53
What are the prime factors of 2272?
2, 71
List the prime factors of 25417.
7, 3631
What are the prime factors of 44645?
5, 8929
What are the prime factors of 1416?
2, 3, 59
What are the prime factors of 14739?
3, 17
What are the prime factors of 2638?
2, 1319
What are the prime factors of 338?
2, 13
What are the prime factors of 94839?
3, 101, 313
List the prime factors of 782.
2, 17, 23
What are the prime factors of 24372?
2, 3, 677
What are the prime factors of 5403?
3, 1801
What are the prime factors of 22285?
5, 4457
List the prime factors of 13621.
53, 257
List the prime factors of 588.
2, 3, 7
List the prime factors of 80970.
2, 3, 5, 2699
List the prime factors of 6517.
7, 19
What are the prime factors of 38463?
3, 12821
List the prime factors of 544.
2, 17
What are the prime factors of 1545?
3, 5, 103
What are the prime factors of 54101?
54101
What are the prime factors of 173626?
2, 86813
List the prime factors of 1312.
2, 41
What are the prime factors of 1932?
2, 3, 7, 23
What are the prime factors of 10893?
3, 3631
List the prime factors of 1774.
2, 887
What are the prime factors of 1228?
2, 307
What are the prime factors of 24174?
2, 3, 17, 79
What are the prime factors of 10574?
2, 17, 311
What are the prime factors of 2575?
5, 103
List the prime factors of 43408.
2, 2713
List the prime factors of 17485.
5, 13, 269
What are the prime factors of 1441?
11, 131
What are the prime factors of 68638?
2, 34319
List the prime factors of 42527.
23, 43
What are the prime factors of 7686?
2, 3, 7, 61
What are the prime factors of 10295?
5, 29, 71
What are the prime factors of 68?
2, 17
What are the prime factors of 2035?
5, 11, 37
What are the prime factors of 1756?
2, 439
List the prime factors of 1107.
3, 41
List the prime factors of 220.
2, 5, 11
What are the prime factors of 6262?
2, 31, 101
List the prime factors of 42880.
2, 5, 67
What are the prime factors of 27920?
2, 5, 349
What are the prime factors of 74828?
2, 13, 1439
List the prime factors of 1953.
3, 7, 31
List the prime factors of 10092.
2, 3, 29
List the prime factors of 8208.
2, 3, 19
List the prime factors of 1973.
1973
List the prime factors of 8778.
2, 3, 7, 11, 19
List the prime factors of 34104.
2, 3, 7, 29
List the prime factors of 419.
419
What are the prime factors of 13258?
2, 7, 947
List the prime factors of 3557.
3557
What are the prime factors of 5535?
3, 5, 41
List the prime factors of 38918.
2, 11, 29, 61
List the prime factors of 3661.
7, 523
List the prime factors of 1528.
2, 191
What are the prime factors of 8227?
19, 433
List the prime factors of 17916.
2, 3, 1493
List the prime factors of 741.
3, 13, 19
List the prime factors of 528.
2, 3, 11
List the prime factors of 2079.
3, 7, 11
What are the prime factors of 1086?
2, 3, 181
List the prime factors of 42949.
29, 1481
What are the prime factors of 1734?
2, 3, 17
List the prime factors of 331.
331
What are the prime factors of 1148?
2, 7, 41
What are the prime factors of 3053?
43, 71
List the prime factors of 71710.
2, 5, 71, 101
What are the prime factors of 107904?
2, 3, 281
What are the prime factors of 59240?
2, 5, 1481
What are the prime factors of 6069?
3, 7, 17
What are the prime factors of 703?
19, 37
What are the prime factors of 5477?
5477
List the prime factors of 3315.
3, 5, 13, 17
What are the prime factors of 3740?
2, 5, 11, 17
What are the prime factors of 15037?
11, 1367
What are the prime factors of 1902?
2, 3, 317
List the prime factors of 737.
11, 67
What are the prime factors of 2599?
23, 113
List the prime factors of 17770.
2, 5, 1777
What are the prime factors of 72990?
2, 3, 5, 811
What are the prime factors of 4874?
2, 2437
What are the prime factors of 85479?
3, 28493
What are the prime factors of 805?
5, 7, 23
What are the prime factors of 9173?
9173
List the prime factors of 4908.
2, 3, 409
What are the prime factors of 29277?
3, 3253
What are the prime factors of 8933?
8933
What are the prime factors of 1111?
11, 101
What are the prime factors of 8221?
8221
What are the prime factors of 1372?
2, 7
What are the prime factors of 293?
293
What are the prime factors of 609?
3, 7, 29
List the prime factors of 7330.
2, 5, 733
List the prime factors of 68.
2, 17
What are the prime factors of 32042?
2, 37, 433
What are the prime factors of 63340?
2, 5, 3167
What are the prime factors of 20512?
2, 641
List the prime factors of 4479.
3, 1493
What are the prime factors of 4907?
7, 701
What are the prime factors of 4380?
2, 3, 5, 73
What are the prime factors of 18630?
2, 3, 5, 23
List the prime factors of 351.
3, 13
What are the prime factors of 1287?
3, 11, 13
What are the prime factors of 68009?
47, 1447
List the prime factors of 38216.
2, 17, 281
What are the prime factors of 101372?
2, 25343
What are the prime factors of 5589?
3, 23
List the prime factors of 46305.
3, 5, 7
List the prime factors of 30228.
2, 3, 11, 229
What are the prime factors of 2639?
7, 13, 29
List the prime factors of 1984.
2, 31
What are the prime factors of 5515?
5, 1103
List the prime factors of 14090.
2, 5, 1409
List the prime factors of 4098.
2, 3, 683